{"id":61,"date":"2024-04-18T18:58:13","date_gmt":"2024-04-18T18:58:13","guid":{"rendered":"https:\/\/frmedical.com.mx\/?page_id=61"},"modified":"2025-02-04T15:17:54","modified_gmt":"2025-02-04T15:17:54","slug":"boston-novatech","status":"publish","type":"page","link":"https:\/\/frmedical.com.mx\/?page_id=61","title":{"rendered":"BOSTON"},"content":{"rendered":"\t\t<div data-elementor-type=\"wp-page\" data-elementor-id=\"61\" class=\"elementor elementor-61\" data-elementor-post-type=\"page\">\n\t\t\t\t\t\t<section class=\"elementor-section elementor-top-section elementor-element elementor-element-56bc2c4 elementor-section-boxed elementor-section-height-default elementor-section-height-default\" data-id=\"56bc2c4\" data-element_type=\"section\" data-e-type=\"section\" data-settings=\"{&quot;background_background&quot;:&quot;classic&quot;}\">\n\t\t\t\t\t\t\t<div class=\"elementor-background-overlay\"><\/div>\n\t\t\t\t\t\t\t<div class=\"elementor-container elementor-column-gap-no\">\n\t\t\t\t\t<div class=\"elementor-column elementor-col-100 elementor-top-column elementor-element elementor-element-ab16701\" data-id=\"ab16701\" data-element_type=\"column\" data-e-type=\"column\" data-settings=\"{&quot;background_background&quot;:&quot;classic&quot;}\">\n\t\t\t<div class=\"elementor-widget-wrap elementor-element-populated\">\n\t\t\t\t\t\t<div class=\"elementor-element elementor-element-3499a19 elementor-widget elementor-widget-heading\" data-id=\"3499a19\" data-element_type=\"widget\" data-e-type=\"widget\" data-widget_type=\"heading.default\">\n\t\t\t\t<div class=\"elementor-widget-container\">\n\t\t\t\t\t<h2 class=\"elementor-heading-title elementor-size-default\">BOSTON<\/h2>\t\t\t\t<\/div>\n\t\t\t\t<\/div>\n\t\t\t\t\t<\/div>\n\t\t<\/div>\n\t\t\t\t\t<\/div>\n\t\t<\/section>\n\t\t\t\t<section class=\"elementor-section elementor-top-section elementor-element elementor-element-8474f62 elementor-section-boxed elementor-section-height-default elementor-section-height-default\" data-id=\"8474f62\" data-element_type=\"section\" data-e-type=\"section\" data-settings=\"{&quot;background_background&quot;:&quot;classic&quot;}\">\n\t\t\t\t\t\t<div class=\"elementor-container elementor-column-gap-default\">\n\t\t\t\t\t<div class=\"elementor-column elementor-col-100 elementor-top-column elementor-element elementor-element-6238359 elementor-invisible\" data-id=\"6238359\" data-element_type=\"column\" data-e-type=\"column\" data-settings=\"{&quot;animation&quot;:&quot;fadeInRight&quot;}\">\n\t\t\t<div class=\"elementor-widget-wrap elementor-element-populated\">\n\t\t\t\t\t\t<div class=\"elementor-element elementor-element-2327978 elementor-view-default elementor-widget elementor-widget-icon\" data-id=\"2327978\" data-element_type=\"widget\" data-e-type=\"widget\" data-widget_type=\"icon.default\">\n\t\t\t\t<div class=\"elementor-widget-container\">\n\t\t\t\t\t\t\t<div class=\"elementor-icon-wrapper\">\n\t\t\t<div class=\"elementor-icon\">\n\t\t\t<svg xmlns=\"http:\/\/www.w3.org\/2000\/svg\" viewBox=\"0 0 519.85 271.04\"><title>boston<\/title><g id=\"Capa_2\" data-name=\"Capa 2\"><g id=\"Capa_1-2\" data-name=\"Capa 1\"><g id=\"Capa_1-2-2\" data-name=\"Capa 1-2\"><path d=\"M0,0h209.6c2.07,0,1.92-.18,1.92,1.94V271H1c-.82,0-1-.18-1-1Q0,135.08,0,0ZM145.67,185.79v43.45c0,.69.28.93,1,.92H151c8.69-.1,17.39.28,26.07-.2a34.7,34.7,0,0,0,16.2-4.77,24.3,24.3,0,0,0,9.51-9.59c3.07-5.86,3.24-12,2-18.34a20.54,20.54,0,0,0-7.27-12.3,26.13,26.13,0,0,0-7.56-4.26c-.24-.09-.6-.1-.64-.4s.32-.37.53-.51c.5-.33,1-.63,1.5-1a17.61,17.61,0,0,0,8.7-17.57,19.45,19.45,0,0,0-4-11,23.07,23.07,0,0,0-12-7.72c-5.74-1.72-11.62-1.86-17.57-1.69-6.41.2-12.81.48-19.21.69-1.53.05-1.53,0-1.53,1.54ZM115.08,79V52.91a2.61,2.61,0,0,1,.82-2A76.55,76.55,0,0,1,123,44.2c4.21-3.29,8.68-6.16,13.89-7.65a19.34,19.34,0,0,1,7.45-.74,18,18,0,0,1,9.91,4.6,18.06,18.06,0,0,1,6.62,13.86,24.38,24.38,0,0,1-1.73,9.21A33.07,33.07,0,0,1,151,76.4c-3.56,3.3-7,6.72-10.51,10.1-3,2.89-6,5.82-9,8.7q-5.92,5.7-11.9,11.36a2.21,2.21,0,0,0-.73,1.75c0,3.24.05,6.48,0,9.72A1.35,1.35,0,0,0,120,119.6h.11c3.14.79,6.27,1.63,9.39,2.48a1.44,1.44,0,0,0,1.59-.45c2.94-2.9,5.9-5.79,8.85-8.68l8.77-8.61c5.55-5.44,11.13-10.84,16.62-16.34A58.68,58.68,0,0,0,177,70.8a42,42,0,0,0,3.91-15.28A33.83,33.83,0,0,0,176,35.91a48.61,48.61,0,0,0-13.7-14.68c-6.88-4.88-14.51-7.22-23-6.27-7.53.85-14.25,3.84-20.47,8a70.43,70.43,0,0,0-12,10.27c-.51.55-.84.67-1.4,0A61.07,61.07,0,0,0,90.89,20.94c-7.16-4.3-14.79-6.83-23.29-6a30.3,30.3,0,0,0-11.17,3.21,48.88,48.88,0,0,0-20.13,19A33.76,33.76,0,0,0,31.87,59c1,8.15,4.41,15.37,9,22.1,3.29,4.82,7.43,8.83,11.64,12.82,4.67,4.43,9.25,9,13.87,13.46,4.89,4.75,9.77,9.48,14.64,14.25a1.62,1.62,0,0,0,1.77.44c3.09-.86,6.19-1.69,9.29-2.47a1.15,1.15,0,0,0,1-1.27s0,0,0-.06v-9.91a2,2,0,0,0-.67-1.57q-2.86-2.73-5.7-5.51Q76.09,91,65.5,80.66a88.94,88.94,0,0,1-6.64-6.53,34.85,34.85,0,0,1-6.58-12.57,21.44,21.44,0,0,1-.77-10.09c1.2-6.39,5.15-10.69,10.67-13.64,4.88-2.6,10-2.22,15-.32,7.37,2.79,13.27,7.67,18.66,13.27a3.56,3.56,0,0,1,1,2.75v51.28a2.36,2.36,0,0,0,1.27,2.4c2.46,1.41,4.85,3,7.25,4.48a1.07,1.07,0,0,0,1.35,0c2.44-1.58,4.88-3.16,7.36-4.68a2,2,0,0,0,1-1.93C115,96.4,115.08,87.7,115.08,79Z\"><\/path><path d=\"M233.35,271c-.53-.21-.66-.68-.84-1.16q-2.32-6.42-4.68-12.85a4.69,4.69,0,0,0-.21-.46,2.55,2.55,0,0,0-.39,1.22c-.81,4-1.62,8-2.4,12a1,1,0,0,1-1.07.92H220.9c-.92,0-1.08-.28-.91-1.13,1.11-5.37,2.18-10.75,3.26-16.13.59-3,1.17-5.89,1.77-8.84.12-.58.07-1.27,1-1.32,1.78-.1,2,0,2.36,1.08l5.1,15.86c.09.27.09.59.42.84.88-2.76,1.74-5.5,2.6-8.23s1.85-5.72,2.7-8.61c.38-1.31,1.36-.84,2.17-.93s1,.51,1.07,1.12q2.53,12.48,5.06,25c.24,1.19.16,1.3-1.08,1.32-.8,0-1.59-.05-2.38,0s-1.25-.35-1.41-1.22c-.77-4.26-1.59-8.5-2.63-12.81L234.74,271Z\"><\/path><path d=\"M435.7,271a5.07,5.07,0,0,0-1.55-.24,7.67,7.67,0,0,1-6.11-4.93,12.7,12.7,0,0,1,.26-10.4,9.29,9.29,0,0,1,11.51-4.83c.94.31,1,0,1-.8v-5.75a1,1,0,0,1,.76-1.19,1,1,0,0,1,.24,0c1-.2,1.94-.42,2.89-.68.73-.2,1,.08,1,.77v26.17c0,1.51,0,1.51-1.55,1.52h-2.28c-.43,0-.88,0-1-.56-.05-.25-.24-.31-.45-.19a12.46,12.46,0,0,1-3.86,1.15Zm5.13-10.45v-4.26a1.51,1.51,0,0,0-.9-1.49,5.29,5.29,0,0,0-7.12,2.3,6.65,6.65,0,0,0-.27.61,10.57,10.57,0,0,0-.4,3.91,5.28,5.28,0,0,0,7.56,4.74,1.55,1.55,0,0,0,1.12-1.65c0-1.35,0-2.71,0-4.13Z\"><\/path><path d=\"M279.77,271a2.46,2.46,0,0,0-1-.18,7.59,7.59,0,0,1-6.6-4.85,12.37,12.37,0,0,1,.76-11.53,9.19,9.19,0,0,1,10.9-3.85c.91.31,1.07.07,1-.78v-5.75a1,1,0,0,1,.74-1.2,1.15,1.15,0,0,1,.26,0c1-.2,2-.44,3-.69.62-.16.88.06.86.68v26.37c0,1.41,0,1.41-1.45,1.42H286c-.46,0-1,.07-1.1-.56-.06-.26-.26-.3-.46-.18a11.37,11.37,0,0,1-3.87,1.14Zm5.14-10.5v-4.16a1.56,1.56,0,0,0-.94-1.57,5.37,5.37,0,0,0-5.91.8c-2,1.9-2.11,4.33-1.67,6.81a5.15,5.15,0,0,0,5.77,4.46,4.9,4.9,0,0,0,1.75-.55,1.5,1.5,0,0,0,1-1.53c0-1.39,0-2.76,0-4.23Z\"><\/path><path d=\"M258.34,271c-1-.29-2.15-.26-3.19-.62a9,9,0,0,1-6.14-8.32,13.46,13.46,0,0,1,.71-5.66,10.1,10.1,0,0,1,15.75-4.07c2.78,2.34,3.47,5.5,2.81,9-.15.78-.7.75-1.28.75H255.3c-1.33,0-1.47.18-1,1.43a4.62,4.62,0,0,0,4,3.23,7.06,7.06,0,0,0,5.48-1.11c.49-.38.76-.24,1,.24.37.74.73,1.49,1.14,2.2s.2,1-.4,1.36a11.14,11.14,0,0,1-4.81,1.39,2.59,2.59,0,0,0-1.17.18Zm.6-12.7h3.46c1.31,0,1.43-.19.93-1.45-.75-1.92-2.39-2.84-4.79-2.68a4.57,4.57,0,0,0-4.15,3.42c-.14.57.1.71.59.71Z\"><\/path><path d=\"M330.16,271a4.22,4.22,0,0,0-1.36-.23c-5-.86-6.1-5.69-4.34-9.42a7,7,0,0,1,4.65-3.57,13.84,13.84,0,0,1,5.39-.53c.94.11,1.14-.18.78-1.08-.61-1.53-2-1.86-3.39-2a8.77,8.77,0,0,0-4.18.56c-.79.33-1.08.08-1.2-.68a10.84,10.84,0,0,0-.34-1.24c-.48-1.65-.49-1.68,1.12-2.13a14.87,14.87,0,0,1,8.31,0,6,6,0,0,1,4.27,4.53,20.55,20.55,0,0,1,.58,4.81c.05,1.88,0,3.77.05,5.65a4.65,4.65,0,0,0,1,3.15c.59.65.29,1-.19,1.47s-1.37.43-2,.72h-.4c-.6-.26-1.39-.31-1.73-.88-.81-1.35-1.54-1-2.56-.21A8.69,8.69,0,0,1,331,271Zm5.36-8.26c-.16-.49.42-1.42-.6-1.65a6.67,6.67,0,0,0-5.22.88,3.08,3.08,0,0,0-1,3.38,2.56,2.56,0,0,0,2.57,1.66c2.13.19,4.44-.91,4.25-4.24Z\"><\/path><path d=\"M414.28,271a5.13,5.13,0,0,0-1.56-.24,8.51,8.51,0,0,1-7-6.45,12.77,12.77,0,0,1,.22-8.17,8.37,8.37,0,0,1,6.24-5.68c3.71-.81,7.17-.39,9.91,2.62a9.28,9.28,0,0,1,2.2,5.11,13.38,13.38,0,0,1-.93,7.65,8.35,8.35,0,0,1-7.11,5,2.46,2.46,0,0,0-1,.18Zm5.15-10.83a8.89,8.89,0,0,0-.4-2.94,4.31,4.31,0,0,0-8-.62,9.36,9.36,0,0,0,.08,8.15,4.22,4.22,0,0,0,5.74,1.64,3.61,3.61,0,0,0,.72-.51c1.56-1.45,1.86-3.37,1.86-5.69Z\"><\/path><path d=\"M456.73,271a18.54,18.54,0,0,1-2.22-.44,5.8,5.8,0,0,1-4.32-5.95c-.08-4.43,0-8.86,0-13.29,0-.69.28-.95.95-.94h2.67c.89,0,1.22.32,1.21,1.22V263a6.89,6.89,0,0,0,.07,1.29c.39,2,2.07,2.94,4.35,2.45a5.6,5.6,0,0,0,2.32-1.07,2.76,2.76,0,0,0,1.19-2.36v-11.6c0-1.22.1-1.31,1.29-1.32h2.38c1.18,0,1.27.09,1.28,1.32v17.85c0,.76-.31,1.08-1.07,1.05s-1.65,0-2.48,0-1.44.12-1.46-1c0-.39-.37-.29-.61-.16A14.69,14.69,0,0,1,457.6,271Z\"><\/path><path d=\"M498.4,271c-.29-.07-.57-.15-.86-.21a5.41,5.41,0,0,1-4.73-5.11c-.34-3.27-.08-6.54-.15-9.81,0-1.41,0-1.44-1.36-1.5-.65,0-.9-.31-.87-.92v-1.39c0-1.47,0-1.48,1.5-1.68.55-.07.72-.37.72-.86v-2.09a1.15,1.15,0,0,1,.87-1.26c1-.34,2.05-.73,3.06-1.13.73-.29,1.05-.11,1,.7v3.47c-.05.94.35,1.22,1.23,1.18h3.27c.61,0,.92.23.9.88s0,1.45,0,2.18-.32.92-1,.91h-3.37c-.76,0-1.06.25-1.05,1v8.33c0,2.43,1.48,3.51,3.88,3a6.39,6.39,0,0,0,1.13-.34c1.12-.43,1.12-.44,1.12.72v2.38a1,1,0,0,1-.85,1.13h-.1L500,271Z\"><\/path><path d=\"M511.69,271a14.38,14.38,0,0,1-4.86-1.23c-.8-.4-1.05-.78-.6-1.59a16.24,16.24,0,0,0,.86-1.9c.28-.72.6-.88,1.32-.41a6.69,6.69,0,0,0,4.34,1.12c.87-.08,1.72-.29,2-1.29a2.19,2.19,0,0,0-1-2.51,22.18,22.18,0,0,0-3.71-1.86,7,7,0,0,1-4.14-4.27,4.92,4.92,0,0,1,2.35-5.86c3.3-1.71,6.65-1.3,10,.09.45.2.41.53.26.91-.29.77-.6,1.54-.84,2.33-.19.6-.45.68-1,.36a6.4,6.4,0,0,0-4.49-.75,1.67,1.67,0,0,0-1.38,1.25,1.48,1.48,0,0,0,.59,1.57,7.68,7.68,0,0,0,2.68,1.45,12.53,12.53,0,0,1,4.26,2.46c2.25,2.15,2.23,7.35-1.58,9.1a17,17,0,0,1-4.11,1Z\"><\/path><path d=\"M313.69,271a8.45,8.45,0,0,0-1.94-.31,8.54,8.54,0,0,1-7.24-7.29c-.74-3.9-.2-7.54,2.75-10.46,3.26-3.22,9.51-3.78,13.37-1.3.49.31.62.62.31,1.13-.45.76-.89,1.54-1.32,2.32-.27.49-.52.53-1,.2a6.42,6.42,0,0,0-4.82-1,5.3,5.3,0,0,0-4.44,4.91,10.37,10.37,0,0,0,.34,4.5,4.36,4.36,0,0,0,3,2.84,6.88,6.88,0,0,0,6.16-.82c.7-.49,1-.37,1.32.36a23.53,23.53,0,0,0,1,2.16c.3.57.16.9-.39,1.19a10.62,10.62,0,0,1-5,1.45,6.21,6.21,0,0,0-.86.16Z\"><\/path><path d=\"M480.54,271a5.45,5.45,0,0,0-1.65-.29,8.68,8.68,0,0,1-7.38-7.28,11.6,11.6,0,0,1,1.2-8.53,9.72,9.72,0,0,1,8-4.73,10.67,10.67,0,0,1,6.68,1.34c.67.41.9.77.4,1.48s-.84,1.42-1.25,2.13c-.24.44-.47.51-.93.18a6.35,6.35,0,0,0-3.92-1.14,5.06,5.06,0,0,0-5,3.42,8.74,8.74,0,0,0,0,6.21,4.25,4.25,0,0,0,2.94,2.72,6.92,6.92,0,0,0,6.16-.84c.67-.47,1-.3,1.24.36a16.16,16.16,0,0,0,1,2.06.93.93,0,0,1-.25,1.27.94.94,0,0,1-.23.1,10.42,10.42,0,0,1-4.61,1.37,2,2,0,0,0-1.06.17Z\"><\/path><path d=\"M349,271c-2.65-.66-2.92-2.26-3-4.7-.08-4.62,0-9.25,0-13.88V244.2c0-.81.25-1.22,1.06-1.37,1-.18,2-.45,3-.71.61-.16.88.09.9.68v21.42c0,1.68,0,3.34,1.73,4.35.4.23.18.57,0,.85a3.55,3.55,0,0,1-2.12,1.36c-.32.06-.64.15-1,.23Z\"><\/path><path d=\"M277.79,197.58c-.13,6.3-1,12.46-3.87,18.16-3.86,7.57-9.81,12.6-18.11,14.68a37.42,37.42,0,0,1-20.16-.44c-7.2-2.14-12.39-6.77-16-13.27a37.29,37.29,0,0,1-4.25-16.15,39.52,39.52,0,0,1,2.26-17C222,172.49,230,165.78,242,164.26a36.21,36.21,0,0,1,17.74,2,26.06,26.06,0,0,1,13.69,12.21,36.4,36.4,0,0,1,4.18,15.77C277.69,195.34,277.84,196.46,277.79,197.58Zm-31.18,21.29a15.24,15.24,0,0,0,2.7-.15c5.34-1.05,8.62-4.47,10.6-9.32a29,29,0,0,0,1.87-9.67,35.38,35.38,0,0,0-1.7-14,14.2,14.2,0,0,0-20.73-7.3,14.75,14.75,0,0,0-6.37,8.2,35.75,35.75,0,0,0-.1,22.4C234.92,215.7,239.53,218.87,246.61,218.87Z\"><\/path><path d=\"M450.43,198a39.21,39.21,0,0,1-2.51,14.78c-3.72,9.63-10.54,15.75-20.68,17.94a36.87,36.87,0,0,1-18.71-.7c-8.26-2.5-13.89-8-17.3-15.76-2.81-6.43-3.5-13.22-3-20.18a35.4,35.4,0,0,1,2.65-11.64c4.16-9.64,11.23-15.88,21.67-17.88a35.9,35.9,0,0,1,19.89,1.66,25.93,25.93,0,0,1,14.26,13.22C449.52,185.15,450.48,191.23,450.43,198Zm-15.92-.63a31.6,31.6,0,0,0-1.66-11.53,14.41,14.41,0,0,0-3.71-5.9c-4.25-3.94-11.76-4.27-16.22-2a15,15,0,0,0-7.3,8.9c-2.15,6.19-2,12.54-.93,18.9a16.93,16.93,0,0,0,4.1,9c3.92,4.19,8.93,4.79,14.18,3.66,5.09-1.09,8-4.76,9.8-9.4a29.63,29.63,0,0,0,1.74-11.62Z\"><\/path><path d=\"M462.5,197.71V166.86c0-1.6,0-1.6,1.57-1.6h8.44a1.47,1.47,0,0,1,1.64,1c.52,1.32,1.22,2.57,1.77,3.88.33.78.6.89,1.21.23a17.85,17.85,0,0,1,8.64-5.2c8-2.12,15.73-1.89,23,2.43,5.08,3,8.13,7.64,9.68,13.29a34.22,34.22,0,0,1,1.18,9v38.79c0,1.64,0,1.64-1.67,1.64H506c-1.63,0-1.63,0-1.63-1.68v-36.7a24.88,24.88,0,0,0-1.05-7.42,10.26,10.26,0,0,0-8.73-7.5c-6.23-1.05-11.45.95-15.89,5.29a2.6,2.6,0,0,0-.71,2.07v44.84c.06.8-.3,1.13-1.11,1.12h-12.4c-1.94,0-1.94,0-1.94-1.89Z\"><\/path><path d=\"M360.92,194v14.38a16.32,16.32,0,0,0,.59,4.11c1,3.78,3.5,5.75,7.41,6A19.23,19.23,0,0,0,380,216c.69-.39.92-.26.92.53v11.6c0,1.59,0,1.64-1.58,2a49.58,49.58,0,0,1-18,1C352.91,230,347.41,224.44,346,216a44.25,44.25,0,0,1-.55-7V179c0-1.43,0-1.44-1.44-1.45h-4.86c-.72,0-1.09-.2-1.08-1V166.27c0-.79.31-1,1.06-1h5c1.35,0,1.36,0,1.36-1.41V153.35a1.56,1.56,0,0,1,1.24-1.78c4.39-1.54,8.74-3.21,13.12-4.81,1-.38,1.1-.31,1.1.82v16.26c0,1.42,0,1.43,1.43,1.43h15c1.23,0,1.27,0,1.28,1.29v9.91c0,.87-.31,1.15-1.16,1.15H362.35c-1.35,0-1.37,0-1.37,1.4v15Z\"><\/path><path d=\"M306.23,231.53a35.56,35.56,0,0,1-19.13-4.65c-1.39-.76-1.4-.75-.75-2.2,1.46-3.26,2.94-6.5,4.37-9.77.32-.73.62-.9,1.3-.38a23.31,23.31,0,0,0,16.88,4.67c2.64-.24,5.12-1.09,6-3.92a7.33,7.33,0,0,0-2-7.91,26.34,26.34,0,0,0-7.62-4.56c-3.76-1.7-7.62-3.19-11-5.64-3.7-2.67-6.71-5.89-8-10.39A16.54,16.54,0,0,1,296,166.31,32.47,32.47,0,0,1,310.67,164a42.07,42.07,0,0,1,15.57,4c1.24.59,1.26.58.79,1.84q-1.8,4.89-3.61,9.76c-.21.55-.37,1-1.08.44a18.73,18.73,0,0,0-10.68-3.75,17.7,17.7,0,0,0-6.11.37A5.53,5.53,0,0,0,303,185.9a13,13,0,0,0,3.54,2.51c3.41,1.84,7.07,3.11,10.61,4.68a29.37,29.37,0,0,1,8.83,5.75,16.73,16.73,0,0,1,4.76,8.75,20.35,20.35,0,0,1-.53,10.86c-1.72,5.1-5.39,8.35-10.14,10.55C315.66,231,311,231.46,306.23,231.53Z\"><\/path><path d=\"M368.24,256.9V244.4c0-.56-.08-1.14.78-1.19a40.52,40.52,0,0,1,10.38.26c5.54,1.07,7.89,4.59,6.84,10.15-.75,4-3.65,6.45-8.09,6.91a23.57,23.57,0,0,1-3.66.19c-1.26,0-1.26,0-1.26,1.29v7.44c0,.91-.3,1.25-1.2,1.2a24,24,0,0,0-2.68,0c-.87.05-1.23-.3-1.13-1.16V256.9Zm5-5v3.36c0,.47.07.87.66.89a12.43,12.43,0,0,0,4.89-.44,3.88,3.88,0,0,0,2.52-4,3.61,3.61,0,0,0-2.47-3.56,13.68,13.68,0,0,0-4.67-.7c-.67,0-.95.3-.94,1,0,1.12,0,2.28,0,3.43Z\"><\/path><path d=\"M395.21,252c2.31-2.05,4.92-2.17,7.64-1.56,1.09.25,1.15.45.68,1.41s-.84,1.65-1.24,2.49c-.23.49-.51.56-1,.36-3.05-1.2-5.49.21-6,3.43a39.32,39.32,0,0,0-.16,5.74v5.75c0,.72-.27,1-1,1h-2.67c-.89,0-1.16-.3-1.15-1.16V251.51c0-.87.32-1.19,1.17-1.13h1.88C394.9,250.41,394.9,250.42,395.21,252Z\"><\/path><path d=\"M300.41,260.55v8.72c0,1.34,0,1.36-1.41,1.37h-2.38c-.79,0-1.2-.31-1.2-1.21V256.24c0-1.42.22-1.79-1.58-1.69-.74,0-1-.34-1-1v-1.39c0-1.71,0-1.72,1.66-1.73s3.18,0,4.76,0c.8,0,1.12.3,1.12,1.11C300.39,254.53,300.41,257.54,300.41,260.55Z\"><\/path><path d=\"M298,242.84a2.72,2.72,0,0,1,2.76,2.66v.12a2.78,2.78,0,1,1-5.56-.06h0a2.72,2.72,0,0,1,2.72-2.72Z\"><\/path><path d=\"M161.3,202.35V189c0-.93.26-1.28,1.23-1.29,4.22,0,8.45-.35,12.66.2a25.51,25.51,0,0,1,7.29,1.78,10.53,10.53,0,0,1,6.05,7.05,20.07,20.07,0,0,1-.12,11.34,11.06,11.06,0,0,1-7.34,7.61,36.09,36.09,0,0,1-14.66,1.69c-1.25-.08-2.5-.19-3.75-.25s-1.34-.08-1.34-1.36Z\"><\/path><path d=\"M161.3,164.89v-9.52c0-.89.28-1.16,1.18-1.25,2.54-.27,5.09-.18,7.62-.25a22,22,0,0,1,8.1,1.16c4.47,1.63,6.63,5.23,6.24,10.29-.32,4.19-2.2,7.26-6.14,9a17.12,17.12,0,0,1-5.06,1.33,63.76,63.76,0,0,1-10.88.06c-.85,0-1.06-.4-1-1.16C161.32,171.3,161.3,168.09,161.3,164.89Z\"><\/path><path d=\"M113.54,78.39v25.89a2,2,0,0,1-1.05,1.92c-1.88,1.12-3.71,2.3-5.53,3.51a1.49,1.49,0,0,1-1.89,0c-1.85-1.21-3.72-2.4-5.65-3.49a2.19,2.19,0,0,1-1.2-2.22V53.61a5.38,5.38,0,0,0-1.53-4.16c-5.1-5.17-10.63-9.73-17.33-12.69a24.29,24.29,0,0,0-9.89-2.23,18.14,18.14,0,0,0-10.89,3.68A21,21,0,0,0,51,47.46a21.63,21.63,0,0,0-.47,13.63,37.34,37.34,0,0,0,6.79,13.67,31.46,31.46,0,0,0,3.31,3.42q10,9.72,20,19.4,5,4.86,10.07,9.7a2.29,2.29,0,0,1,.76,1.83V117a1.23,1.23,0,0,1-1,1.44h-.11c-2.47.61-4.92,1.3-7.37,2a1.38,1.38,0,0,1-1.52-.38L67.19,106,53.25,92.49a89.74,89.74,0,0,1-8.49-8.73C38.66,76,34.19,67.47,33.22,57.47a31.54,31.54,0,0,1,4.07-19,46.67,46.67,0,0,1,19.32-18.7c8.38-4.35,17-4.58,25.82-1.28,7.87,3,14.38,7.91,20.14,13.92,1,1,1.86,2.06,2.76,3.12.46.54.91.79,1.45.14a61.43,61.43,0,0,1,12.81-11.32,48,48,0,0,1,14.74-6.92c10.55-2.76,20-.5,28.55,6.11a45.24,45.24,0,0,1,12.91,15.1,33.13,33.13,0,0,1,2.33,24.57,54.78,54.78,0,0,1-11.61,21.23,139.64,139.64,0,0,1-9.85,9.92c-2.56,2.48-5.07,5-7.62,7.53l-18.56,18.18a1.19,1.19,0,0,1-1.32.37c-2.64-.73-5.29-1.45-7.94-2.13a.93.93,0,0,1-.79-1h0q-.06-4.11-.15-8.22a2,2,0,0,1,.61-1.6q8.69-8.34,17.35-16.72c4.76-4.58,9.51-9.17,14.3-13.72a33.92,33.92,0,0,0,7.91-12.57A26.54,26.54,0,0,0,162.33,53a18.14,18.14,0,0,0-3.94-10.4c-3.27-4.14-7.32-7.14-12.65-8.09a21.64,21.64,0,0,0-11.66,1.42,47.14,47.14,0,0,0-13.64,8.52,79.65,79.65,0,0,0-6.11,5.94,2.8,2.8,0,0,0-.8,2.14Q113.56,65.46,113.54,78.39Zm-1.81-.88V51.72a2.11,2.11,0,0,1,.39-1.59c5.42-6.12,11.54-11.36,19-14.92a25.44,25.44,0,0,1,12.16-2.8c7.69.36,13.43,4.28,17.59,10.52,3.88,5.81,4.19,12.23,2.36,18.76a36.36,36.36,0,0,1-10.78,17.92c-4.49,4-8.68,8.33-13,12.51-5.35,5.16-10.69,10.33-16.08,15.45a3.4,3.4,0,0,0-1.25,3,27.6,27.6,0,0,1,.12,5.14,1,1,0,0,0,.78,1.18h.07q2.84.73,5.64,1.53A1.1,1.1,0,0,0,130,118l13.35-13c4.51-4.41,9-8.87,13.52-13.27,4.82-4.67,9.65-9.3,13.25-15.06s6.31-11.69,7.27-18.39a30.37,30.37,0,0,0-2.64-18,44.13,44.13,0,0,0-15.23-17,29.08,29.08,0,0,0-14.89-5.18,34.72,34.72,0,0,0-18.13,4.25,59.75,59.75,0,0,0-18.37,14.56,2.47,2.47,0,0,1-3.45.55,2.21,2.21,0,0,1-.55-.55,57.4,57.4,0,0,0-5.91-6.27A49.72,49.72,0,0,0,80.84,19.83a28.84,28.84,0,0,0-24.07,1.86A46.1,46.1,0,0,0,40,37.47a30.91,30.91,0,0,0-4.49,23.17c1.59,8.53,5.67,15.9,11.14,22.51A129.06,129.06,0,0,0,57.35,93.91q7.17,6.91,14.3,13.89,5.25,5.11,10.48,10.26a1.29,1.29,0,0,0,1.42.37c1.75-.49,3.5-1,5.27-1.4a1.05,1.05,0,0,0,.94-1.18s0,0,0-.08v-5.85a2.4,2.4,0,0,0-.81-1.91c-4.93-4.75-9.82-9.53-14.73-14.3-3.53-3.42-7.09-6.83-10.62-10.26-2.33-2.25-4.8-4.39-6.91-6.83A37,37,0,0,1,49,62.08a23.64,23.64,0,0,1,.08-14.34c1.88-5.45,5.62-9.35,10.46-12.26a19.19,19.19,0,0,1,11.86-2.66A30.49,30.49,0,0,1,83.75,36.9,63.46,63.46,0,0,1,99.31,49.69a3,3,0,0,1,.75,2.15v51.49a1.76,1.76,0,0,0,1,1.76c1.48.86,3,1.77,4.4,2.69a1,1,0,0,0,1.26,0c1.27-.84,2.54-1.69,3.86-2.44a2.21,2.21,0,0,0,1.23-2.23C111.71,94.57,111.73,86,111.73,77.51Z\"><\/path><\/g><\/g><\/g><\/svg>\t\t\t<\/div>\n\t\t<\/div>\n\t\t\t\t\t\t<\/div>\n\t\t\t\t<\/div>\n\t\t\t\t<div class=\"elementor-element elementor-element-18130eb elementor-widget elementor-widget-text-editor\" data-id=\"18130eb\" data-element_type=\"widget\" data-e-type=\"widget\" data-widget_type=\"text-editor.default\">\n\t\t\t\t<div class=\"elementor-widget-container\">\n\t\t\t\t\t\t\t\t\t<p>Productos para la v\u00eda a\u00e9rea y talco grado m\u00e9dico.<\/p>\t\t\t\t\t\t\t\t<\/div>\n\t\t\t\t<\/div>\n\t\t<div class=\"elementor-element elementor-element-80bb277 e-flex e-con-boxed e-con e-parent\" data-id=\"80bb277\" data-element_type=\"container\" data-e-type=\"container\">\n\t\t\t\t\t<div class=\"e-con-inner\">\n\t\t<div class=\"elementor-element elementor-element-e93a02e e-con-full e-flex e-con e-child\" data-id=\"e93a02e\" data-element_type=\"container\" data-e-type=\"container\">\n\t\t\t\t<div class=\"elementor-element elementor-element-6fae4e0 elementor-position-top elementor-widget elementor-widget-image-box\" data-id=\"6fae4e0\" data-element_type=\"widget\" data-e-type=\"widget\" data-widget_type=\"image-box.default\">\n\t\t\t\t<div class=\"elementor-widget-container\">\n\t\t\t\t\t<div class=\"elementor-image-box-wrapper\"><figure class=\"elementor-image-box-img\"><a href=\"https:\/\/frmedical.com.mx\/?page_id=63\" tabindex=\"-1\"><img fetchpriority=\"high\" decoding=\"async\" width=\"342\" height=\"240\" src=\"https:\/\/frmedical.com.mx\/wp-content\/uploads\/2024\/04\/115.png\" class=\"attachment-full size-full wp-image-1069\" alt=\"\" srcset=\"https:\/\/frmedical.com.mx\/wp-content\/uploads\/2024\/04\/115.png 342w, https:\/\/frmedical.com.mx\/wp-content\/uploads\/2024\/04\/115-300x211.png 300w\" sizes=\"(max-width: 342px) 100vw, 342px\" \/><\/a><\/figure><div class=\"elementor-image-box-content\"><h3 class=\"elementor-image-box-title\"><a href=\"https:\/\/frmedical.com.mx\/?page_id=63\">MONTGOMERY TUBOS T<\/a><\/h3><\/div><\/div>\t\t\t\t<\/div>\n\t\t\t\t<\/div>\n\t\t\t\t<\/div>\n\t\t<div class=\"elementor-element elementor-element-739391e e-con-full e-flex e-con e-child\" data-id=\"739391e\" data-element_type=\"container\" data-e-type=\"container\">\n\t\t\t\t<div class=\"elementor-element elementor-element-e01c5bf elementor-position-top elementor-widget elementor-widget-image-box\" data-id=\"e01c5bf\" data-element_type=\"widget\" data-e-type=\"widget\" data-widget_type=\"image-box.default\">\n\t\t\t\t<div class=\"elementor-widget-container\">\n\t\t\t\t\t<div class=\"elementor-image-box-wrapper\"><figure class=\"elementor-image-box-img\"><a href=\"https:\/\/frmedical.com.mx\/?page_id=65\" tabindex=\"-1\"><img decoding=\"async\" width=\"342\" height=\"240\" src=\"https:\/\/frmedical.com.mx\/wp-content\/uploads\/2024\/04\/09.png\" class=\"attachment-full size-full wp-image-1085\" alt=\"\" srcset=\"https:\/\/frmedical.com.mx\/wp-content\/uploads\/2024\/04\/09.png 342w, https:\/\/frmedical.com.mx\/wp-content\/uploads\/2024\/04\/09-300x211.png 300w\" sizes=\"(max-width: 342px) 100vw, 342px\" \/><\/a><\/figure><div class=\"elementor-image-box-content\"><h3 class=\"elementor-image-box-title\"><a href=\"https:\/\/frmedical.com.mx\/?page_id=65\">MONTGOMERY TIROPLAST\u00cdA<\/a><\/h3><\/div><\/div>\t\t\t\t<\/div>\n\t\t\t\t<\/div>\n\t\t\t\t<\/div>\n\t\t<div class=\"elementor-element elementor-element-4fd427b e-con-full e-flex e-con e-child\" data-id=\"4fd427b\" data-element_type=\"container\" data-e-type=\"container\">\n\t\t\t\t<div class=\"elementor-element elementor-element-c9c96cc elementor-position-top elementor-widget elementor-widget-image-box\" data-id=\"c9c96cc\" data-element_type=\"widget\" data-e-type=\"widget\" data-widget_type=\"image-box.default\">\n\t\t\t\t<div class=\"elementor-widget-container\">\n\t\t\t\t\t<div class=\"elementor-image-box-wrapper\"><figure class=\"elementor-image-box-img\"><a href=\"https:\/\/frmedical.com.mx\/?page_id=67\" tabindex=\"-1\"><img decoding=\"async\" width=\"194\" height=\"194\" src=\"https:\/\/frmedical.com.mx\/wp-content\/uploads\/2024\/04\/2-u63789-fr.png\" class=\"attachment-full size-full wp-image-1077\" alt=\"\" srcset=\"https:\/\/frmedical.com.mx\/wp-content\/uploads\/2024\/04\/2-u63789-fr.png 194w, https:\/\/frmedical.com.mx\/wp-content\/uploads\/2024\/04\/2-u63789-fr-150x150.png 150w\" sizes=\"(max-width: 194px) 100vw, 194px\" \/><\/a><\/figure><div class=\"elementor-image-box-content\"><h3 class=\"elementor-image-box-title\"><a href=\"https:\/\/frmedical.com.mx\/?page_id=67\">MONTGOMERY BYPASS SALIVAL<\/a><\/h3><\/div><\/div>\t\t\t\t<\/div>\n\t\t\t\t<\/div>\n\t\t\t\t<\/div>\n\t\t\t\t\t<\/div>\n\t\t\t\t<\/div>\n\t\t<div class=\"elementor-element elementor-element-f19e14e e-flex e-con-boxed e-con e-parent\" data-id=\"f19e14e\" data-element_type=\"container\" data-e-type=\"container\">\n\t\t\t\t\t<div class=\"e-con-inner\">\n\t\t<div class=\"elementor-element elementor-element-d535e69 e-con-full e-flex e-con e-child\" data-id=\"d535e69\" data-element_type=\"container\" data-e-type=\"container\">\n\t\t\t\t<div class=\"elementor-element elementor-element-ef4c8ac elementor-position-top elementor-widget elementor-widget-image-box\" data-id=\"ef4c8ac\" data-element_type=\"widget\" data-e-type=\"widget\" data-widget_type=\"image-box.default\">\n\t\t\t\t<div class=\"elementor-widget-container\">\n\t\t\t\t\t<div class=\"elementor-image-box-wrapper\"><figure class=\"elementor-image-box-img\"><a href=\"https:\/\/frmedical.com.mx\/?page_id=73\" tabindex=\"-1\"><img loading=\"lazy\" decoding=\"async\" width=\"311\" height=\"251\" src=\"https:\/\/frmedical.com.mx\/wp-content\/uploads\/2024\/04\/33.png\" class=\"attachment-full size-full wp-image-1152\" alt=\"\" srcset=\"https:\/\/frmedical.com.mx\/wp-content\/uploads\/2024\/04\/33.png 311w, https:\/\/frmedical.com.mx\/wp-content\/uploads\/2024\/04\/33-300x242.png 300w\" sizes=\"(max-width: 311px) 100vw, 311px\" \/><\/a><\/figure><div class=\"elementor-image-box-content\"><h3 class=\"elementor-image-box-title\"><a href=\"https:\/\/frmedical.com.mx\/?page_id=73\">BOSTON F\u00c9RULAS NASALES<\/a><\/h3><\/div><\/div>\t\t\t\t<\/div>\n\t\t\t\t<\/div>\n\t\t\t\t<\/div>\n\t\t\t\t\t<\/div>\n\t\t\t\t<\/div>\n\t\t\t\t\t<\/div>\n\t\t<\/div>\n\t\t\t\t\t<\/div>\n\t\t<\/section>\n\t\t\t\t<\/div>\n\t\t","protected":false},"excerpt":{"rendered":"<p>boston Productos para la v\u00eda a\u00e9rea y talco grado m\u00e9dico. MONTGOMERY TUBOS T MONTGOMERY TIROPLAST\u00cdA MONTGOMERY BYPASS SALIVAL BOSTON F\u00c9RULAS NASALES<\/p>\n","protected":false},"author":1,"featured_media":0,"parent":0,"menu_order":0,"comment_status":"closed","ping_status":"closed","template":"","meta":{"_monsterinsights_skip_tracking":false,"_monsterinsights_sitenote_active":false,"_monsterinsights_sitenote_note":"","_monsterinsights_sitenote_category":0,"_joinchat":[],"footnotes":""},"class_list":["post-61","page","type-page","status-publish","hentry"],"_links":{"self":[{"href":"https:\/\/frmedical.com.mx\/index.php?rest_route=\/wp\/v2\/pages\/61","targetHints":{"allow":["GET"]}}],"collection":[{"href":"https:\/\/frmedical.com.mx\/index.php?rest_route=\/wp\/v2\/pages"}],"about":[{"href":"https:\/\/frmedical.com.mx\/index.php?rest_route=\/wp\/v2\/types\/page"}],"author":[{"embeddable":true,"href":"https:\/\/frmedical.com.mx\/index.php?rest_route=\/wp\/v2\/users\/1"}],"replies":[{"embeddable":true,"href":"https:\/\/frmedical.com.mx\/index.php?rest_route=%2Fwp%2Fv2%2Fcomments&post=61"}],"version-history":[{"count":11,"href":"https:\/\/frmedical.com.mx\/index.php?rest_route=\/wp\/v2\/pages\/61\/revisions"}],"predecessor-version":[{"id":3242,"href":"https:\/\/frmedical.com.mx\/index.php?rest_route=\/wp\/v2\/pages\/61\/revisions\/3242"}],"wp:attachment":[{"href":"https:\/\/frmedical.com.mx\/index.php?rest_route=%2Fwp%2Fv2%2Fmedia&parent=61"}],"curies":[{"name":"wp","href":"https:\/\/api.w.org\/{rel}","templated":true}]}}