{"id":28,"date":"2024-04-18T18:46:42","date_gmt":"2024-04-18T18:46:42","guid":{"rendered":"https:\/\/frmedical.com.mx\/?page_id=28"},"modified":"2025-02-04T16:48:42","modified_gmt":"2025-02-04T16:48:42","slug":"stracos","status":"publish","type":"page","link":"https:\/\/frmedical.com.mx\/?page_id=28","title":{"rendered":"STRACOS\u2122"},"content":{"rendered":"\t\t<div data-elementor-type=\"wp-page\" data-elementor-id=\"28\" class=\"elementor elementor-28\" data-elementor-post-type=\"page\">\n\t\t\t\t\t\t<section class=\"elementor-section elementor-top-section elementor-element elementor-element-57afeff elementor-section-boxed elementor-section-height-default elementor-section-height-default\" data-id=\"57afeff\" data-element_type=\"section\" data-e-type=\"section\" data-settings=\"{&quot;background_background&quot;:&quot;classic&quot;}\">\n\t\t\t\t\t\t\t<div class=\"elementor-background-overlay\"><\/div>\n\t\t\t\t\t\t\t<div class=\"elementor-container elementor-column-gap-no\">\n\t\t\t\t\t<div class=\"elementor-column elementor-col-100 elementor-top-column elementor-element elementor-element-94178a9\" data-id=\"94178a9\" data-element_type=\"column\" data-e-type=\"column\" data-settings=\"{&quot;background_background&quot;:&quot;classic&quot;}\">\n\t\t\t<div class=\"elementor-widget-wrap elementor-element-populated\">\n\t\t\t\t\t\t<div class=\"elementor-element elementor-element-303b77e elementor-widget elementor-widget-heading\" data-id=\"303b77e\" data-element_type=\"widget\" data-e-type=\"widget\" data-widget_type=\"heading.default\">\n\t\t\t\t<div class=\"elementor-widget-container\">\n\t\t\t\t\t<h2 class=\"elementor-heading-title elementor-size-default\">STRACOS\u2122<\/h2>\t\t\t\t<\/div>\n\t\t\t\t<\/div>\n\t\t\t\t\t<\/div>\n\t\t<\/div>\n\t\t\t\t\t<\/div>\n\t\t<\/section>\n\t\t\t\t<section class=\"elementor-section elementor-top-section elementor-element elementor-element-30ec0f8 elementor-section-boxed elementor-section-height-default elementor-section-height-default\" data-id=\"30ec0f8\" data-element_type=\"section\" data-e-type=\"section\" data-settings=\"{&quot;background_background&quot;:&quot;classic&quot;}\">\n\t\t\t\t\t\t<div class=\"elementor-container elementor-column-gap-default\">\n\t\t\t\t\t<div class=\"elementor-column elementor-col-50 elementor-top-column elementor-element elementor-element-c850527 elementor-invisible\" data-id=\"c850527\" data-element_type=\"column\" data-e-type=\"column\" data-settings=\"{&quot;animation&quot;:&quot;fadeInRight&quot;}\">\n\t\t\t<div class=\"elementor-widget-wrap elementor-element-populated\">\n\t\t\t\t\t\t<div class=\"elementor-element elementor-element-6ab7292 elementor-widget elementor-widget-heading\" data-id=\"6ab7292\" data-element_type=\"widget\" data-e-type=\"widget\" data-widget_type=\"heading.default\">\n\t\t\t\t<div class=\"elementor-widget-container\">\n\t\t\t\t\t<h2 class=\"elementor-heading-title elementor-size-default\">SISTEMA STRACOS\u2122<\/h2>\t\t\t\t<\/div>\n\t\t\t\t<\/div>\n\t\t\t\t<div class=\"elementor-element elementor-element-597951f elementor-widget elementor-widget-text-editor\" data-id=\"597951f\" data-element_type=\"widget\" data-e-type=\"widget\" data-widget_type=\"text-editor.default\">\n\t\t\t\t<div class=\"elementor-widget-container\">\n\t\t\t\t\t\t\t\t\t<div id=\"ppu26984\" class=\"clearfix grpelem\"><div id=\"ppu23225-4\" class=\"clearfix colelem\"><div id=\"pu23225-4\" class=\"clearfix grpelem\"><div id=\"u23226-15\" class=\"SR1 clearfix colelem mt-scroll-slide-bottom mt-scroll-show\"><ul id=\"u23226-13\" class=\"list0 nls-None\"><li>Dise\u00f1o exclusivo para la pared tor\u00e1cica, indicado para casos de trama tor\u00e1cico, reconstrucci\u00f3n o deformidades de la caja tor\u00e1cica.<\/li><li>Desarrollado en Alemania cumpliendo los est\u00e1ndares de calidad m\u00e1s exigentes, fabricados en titanio puro de grado 2, altamente biocompatible con el cuerpo humano.<\/li><li>La designaci\u00f3n del material es 3.7035 \/ ASTM B 265 gr. 2 \/ ASTM F 67, conforme a la norma DIN EN ISO 5832-2.<\/li><li>Disponible en presentaci\u00f3n de 6, 9 y 13 segmentos versi\u00f3n standard y XL.<\/li><li>StraCos \u2122 es el \u00fanico sistema de osteos\u00edntesis tor\u00e1cico que se ajusta a presi\u00f3n gracias a instrumentos especialmente dise\u00f1ados para su colocaci\u00f3n, por lo que NO requiere de tornillos o alambres.<\/li><\/ul><\/div><\/div><\/div><div id=\"u27050-bw\" class=\"browser_width colelem\"><div id=\"u27050\"><div id=\"u27050_align_to_page\" class=\"clearfix\"><div id=\"pu27057\" class=\"clearfix grpelem\">\u00a0<\/div><\/div><\/div><\/div><\/div>\t\t\t\t\t\t\t\t<\/div>\n\t\t\t\t<\/div>\n\t\t\t\t\t<\/div>\n\t\t<\/div>\n\t\t\t\t<div class=\"elementor-column elementor-col-50 elementor-top-column elementor-element elementor-element-ab7eaf6 elementor-invisible\" data-id=\"ab7eaf6\" data-element_type=\"column\" data-e-type=\"column\" data-settings=\"{&quot;animation&quot;:&quot;fadeInRight&quot;}\">\n\t\t\t<div class=\"elementor-widget-wrap elementor-element-populated\">\n\t\t\t\t\t\t<div class=\"elementor-element elementor-element-6057114 elementor-widget elementor-widget-image\" data-id=\"6057114\" data-element_type=\"widget\" data-e-type=\"widget\" data-widget_type=\"image.default\">\n\t\t\t\t<div class=\"elementor-widget-container\">\n\t\t\t\t\t\t\t\t\t\t\t\t\t\t\t<img fetchpriority=\"high\" decoding=\"async\" width=\"429\" height=\"220\" src=\"https:\/\/frmedical.com.mx\/wp-content\/uploads\/2024\/04\/02.png\" class=\"attachment-full size-full wp-image-822\" alt=\"\" srcset=\"https:\/\/frmedical.com.mx\/wp-content\/uploads\/2024\/04\/02.png 429w, https:\/\/frmedical.com.mx\/wp-content\/uploads\/2024\/04\/02-300x154.png 300w\" sizes=\"(max-width: 429px) 100vw, 429px\" \/>\t\t\t\t\t\t\t\t\t\t\t\t\t\t\t<\/div>\n\t\t\t\t<\/div>\n\t\t\t\t<div class=\"elementor-element elementor-element-e2d0c7b elementor-widget elementor-widget-image\" data-id=\"e2d0c7b\" data-element_type=\"widget\" data-e-type=\"widget\" data-widget_type=\"image.default\">\n\t\t\t\t<div class=\"elementor-widget-container\">\n\t\t\t\t\t\t\t\t\t\t\t\t\t\t\t<img decoding=\"async\" width=\"2672\" height=\"3540\" src=\"https:\/\/frmedical.com.mx\/wp-content\/uploads\/2024\/07\/IND-STR-GRAF-RibClip-Fracture_frei.png\" class=\"attachment-full size-full wp-image-1739\" alt=\"\" srcset=\"https:\/\/frmedical.com.mx\/wp-content\/uploads\/2024\/07\/IND-STR-GRAF-RibClip-Fracture_frei.png 2672w, https:\/\/frmedical.com.mx\/wp-content\/uploads\/2024\/07\/IND-STR-GRAF-RibClip-Fracture_frei-226x300.png 226w, https:\/\/frmedical.com.mx\/wp-content\/uploads\/2024\/07\/IND-STR-GRAF-RibClip-Fracture_frei-773x1024.png 773w, https:\/\/frmedical.com.mx\/wp-content\/uploads\/2024\/07\/IND-STR-GRAF-RibClip-Fracture_frei-768x1017.png 768w, https:\/\/frmedical.com.mx\/wp-content\/uploads\/2024\/07\/IND-STR-GRAF-RibClip-Fracture_frei-1159x1536.png 1159w, https:\/\/frmedical.com.mx\/wp-content\/uploads\/2024\/07\/IND-STR-GRAF-RibClip-Fracture_frei-1546x2048.png 1546w\" sizes=\"(max-width: 2672px) 100vw, 2672px\" \/>\t\t\t\t\t\t\t\t\t\t\t\t\t\t\t<\/div>\n\t\t\t\t<\/div>\n\t\t\t\t\t<\/div>\n\t\t<\/div>\n\t\t\t\t\t<\/div>\n\t\t<\/section>\n\t\t\t\t<section class=\"elementor-section elementor-top-section elementor-element elementor-element-5908e3a elementor-section-boxed elementor-section-height-default elementor-section-height-default\" data-id=\"5908e3a\" data-element_type=\"section\" data-e-type=\"section\" data-settings=\"{&quot;background_background&quot;:&quot;classic&quot;}\">\n\t\t\t\t\t\t<div class=\"elementor-container elementor-column-gap-default\">\n\t\t\t\t\t<div class=\"elementor-column elementor-col-50 elementor-top-column elementor-element elementor-element-500a7f2 elementor-invisible\" data-id=\"500a7f2\" data-element_type=\"column\" data-e-type=\"column\" data-settings=\"{&quot;animation&quot;:&quot;fadeInRight&quot;}\">\n\t\t\t<div class=\"elementor-widget-wrap elementor-element-populated\">\n\t\t\t\t\t\t<div class=\"elementor-element elementor-element-e5cf03d elementor-widget elementor-widget-heading\" data-id=\"e5cf03d\" data-element_type=\"widget\" data-e-type=\"widget\" data-widget_type=\"heading.default\">\n\t\t\t\t<div class=\"elementor-widget-container\">\n\t\t\t\t\t<h2 class=\"elementor-heading-title elementor-size-default\">USOS E INDICACIONES<\/h2>\t\t\t\t<\/div>\n\t\t\t\t<\/div>\n\t\t\t\t<div class=\"elementor-element elementor-element-f85f7a9 elementor-widget elementor-widget-text-editor\" data-id=\"f85f7a9\" data-element_type=\"widget\" data-e-type=\"widget\" data-widget_type=\"text-editor.default\">\n\t\t\t\t<div class=\"elementor-widget-container\">\n\t\t\t\t\t\t\t\t\t<div id=\"ppu26984\" class=\"clearfix grpelem\"><div id=\"ppu23225-4\" class=\"clearfix colelem\"><div id=\"pu23225-4\" class=\"clearfix grpelem\"><div id=\"u23226-15\" class=\"SR1 clearfix colelem mt-scroll-slide-bottom mt-scroll-show\"><ul id=\"u23084-7\" class=\"list0 nls-None\"><li>Clip costal 3D con 6 segmentos: en fracturas que transcurren transversales al eje longitudinal de la costilla.<\/li><li>Clip costal 3D con 9 segmentos: en fracturas oblicuas.<\/li><li>Clip costal 3D con 13 segmentos: en fracturas conminutas, fracturas espiroideas y en fracturas muy oblicuas.<\/li><\/ul><\/div><\/div><\/div><\/div>\t\t\t\t\t\t\t\t<\/div>\n\t\t\t\t<\/div>\n\t\t\t\t<div class=\"elementor-element elementor-element-1c41923 elementor-align-center elementor-widget elementor-widget-button\" data-id=\"1c41923\" data-element_type=\"widget\" data-e-type=\"widget\" data-widget_type=\"button.default\">\n\t\t\t\t<div class=\"elementor-widget-container\">\n\t\t\t\t\t\t\t\t\t<div class=\"elementor-button-wrapper\">\n\t\t\t\t\t<a class=\"elementor-button elementor-button-link elementor-size-sm\" href=\"https:\/\/frmedical.com.mx\/wp-content\/uploads\/2024\/04\/medxpert-catalogo.pdf\" target=\"_blank\">\n\t\t\t\t\t\t<span class=\"elementor-button-content-wrapper\">\n\t\t\t\t\t\t<span class=\"elementor-button-icon\">\n\t\t\t\t<svg aria-hidden=\"true\" class=\"e-font-icon-svg e-fas-file-download\" viewBox=\"0 0 384 512\" xmlns=\"http:\/\/www.w3.org\/2000\/svg\"><path d=\"M224 136V0H24C10.7 0 0 10.7 0 24v464c0 13.3 10.7 24 24 24h336c13.3 0 24-10.7 24-24V160H248c-13.2 0-24-10.8-24-24zm76.45 211.36l-96.42 95.7c-6.65 6.61-17.39 6.61-24.04 0l-96.42-95.7C73.42 337.29 80.54 320 94.82 320H160v-80c0-8.84 7.16-16 16-16h32c8.84 0 16 7.16 16 16v80h65.18c14.28 0 21.4 17.29 11.27 27.36zM377 105L279.1 7c-4.5-4.5-10.6-7-17-7H256v128h128v-6.1c0-6.3-2.5-12.4-7-16.9z\"><\/path><\/svg>\t\t\t<\/span>\n\t\t\t\t\t\t\t\t\t<span class=\"elementor-button-text\">Descargar cat\u00e1logo<\/span>\n\t\t\t\t\t<\/span>\n\t\t\t\t\t<\/a>\n\t\t\t\t<\/div>\n\t\t\t\t\t\t\t\t<\/div>\n\t\t\t\t<\/div>\n\t\t\t\t<div class=\"elementor-element elementor-element-5ac07fd elementor-align-center elementor-widget elementor-widget-button\" data-id=\"5ac07fd\" data-element_type=\"widget\" data-e-type=\"widget\" data-widget_type=\"button.default\">\n\t\t\t\t<div class=\"elementor-widget-container\">\n\t\t\t\t\t\t\t\t\t<div class=\"elementor-button-wrapper\">\n\t\t\t\t\t<a class=\"elementor-button elementor-button-link elementor-size-sm\" href=\"https:\/\/frmedical.com.mx\/?page_id=77\" target=\"_blank\">\n\t\t\t\t\t\t<span class=\"elementor-button-content-wrapper\">\n\t\t\t\t\t\t<span class=\"elementor-button-icon\">\n\t\t\t\t<svg aria-hidden=\"true\" class=\"e-font-icon-svg e-fas-paper-plane\" viewBox=\"0 0 512 512\" xmlns=\"http:\/\/www.w3.org\/2000\/svg\"><path d=\"M476 3.2L12.5 270.6c-18.1 10.4-15.8 35.6 2.2 43.2L121 358.4l287.3-253.2c5.5-4.9 13.3 2.6 8.6 8.3L176 407v80.5c0 23.6 28.5 32.9 42.5 15.8L282 426l124.6 52.2c14.2 6 30.4-2.9 33-18.2l72-432C515 7.8 493.3-6.8 476 3.2z\"><\/path><\/svg>\t\t\t<\/span>\n\t\t\t\t\t\t\t\t\t<span class=\"elementor-button-text\">Cont\u00e1ctanos<\/span>\n\t\t\t\t\t<\/span>\n\t\t\t\t\t<\/a>\n\t\t\t\t<\/div>\n\t\t\t\t\t\t\t\t<\/div>\n\t\t\t\t<\/div>\n\t\t\t\t\t<\/div>\n\t\t<\/div>\n\t\t\t\t<div class=\"elementor-column elementor-col-50 elementor-top-column elementor-element elementor-element-448f32b elementor-invisible\" data-id=\"448f32b\" data-element_type=\"column\" data-e-type=\"column\" data-settings=\"{&quot;animation&quot;:&quot;fadeInRight&quot;,&quot;background_background&quot;:&quot;classic&quot;}\">\n\t\t\t<div class=\"elementor-widget-wrap elementor-element-populated\">\n\t\t\t\t<div class=\"elementor-element elementor-element-ecc2fb6 e-flex e-con-boxed e-con e-parent\" data-id=\"ecc2fb6\" data-element_type=\"container\" data-e-type=\"container\" data-settings=\"{&quot;background_background&quot;:&quot;classic&quot;}\">\n\t\t\t\t\t<div class=\"e-con-inner\">\n\t\t<div class=\"elementor-element elementor-element-b76574c e-con-full e-flex e-con e-child\" data-id=\"b76574c\" data-element_type=\"container\" data-e-type=\"container\">\n\t\t\t\t<div class=\"elementor-element elementor-element-2907dae elementor-widget elementor-widget-image\" data-id=\"2907dae\" data-element_type=\"widget\" data-e-type=\"widget\" data-widget_type=\"image.default\">\n\t\t\t\t<div class=\"elementor-widget-container\">\n\t\t\t\t\t\t\t\t\t\t\t\t\t\t\t<img decoding=\"async\" width=\"3300\" height=\"2550\" src=\"https:\/\/frmedical.com.mx\/wp-content\/uploads\/2024\/07\/014-02006_3D.png\" class=\"attachment-full size-full wp-image-1717\" alt=\"\" srcset=\"https:\/\/frmedical.com.mx\/wp-content\/uploads\/2024\/07\/014-02006_3D.png 3300w, https:\/\/frmedical.com.mx\/wp-content\/uploads\/2024\/07\/014-02006_3D-300x232.png 300w, https:\/\/frmedical.com.mx\/wp-content\/uploads\/2024\/07\/014-02006_3D-1024x791.png 1024w, https:\/\/frmedical.com.mx\/wp-content\/uploads\/2024\/07\/014-02006_3D-768x593.png 768w, https:\/\/frmedical.com.mx\/wp-content\/uploads\/2024\/07\/014-02006_3D-1536x1187.png 1536w, https:\/\/frmedical.com.mx\/wp-content\/uploads\/2024\/07\/014-02006_3D-2048x1583.png 2048w\" sizes=\"(max-width: 3300px) 100vw, 3300px\" \/>\t\t\t\t\t\t\t\t\t\t\t\t\t\t\t<\/div>\n\t\t\t\t<\/div>\n\t\t\t\t<div class=\"elementor-element elementor-element-0120e53 elementor-widget elementor-widget-text-editor\" data-id=\"0120e53\" data-element_type=\"widget\" data-e-type=\"widget\" data-widget_type=\"text-editor.default\">\n\t\t\t\t<div class=\"elementor-widget-container\">\n\t\t\t\t\t\t\t\t\t<div id=\"ppu26984\" class=\"clearfix grpelem\"><div id=\"ppu23225-4\" class=\"clearfix colelem\"><div id=\"pu23225-4\" class=\"clearfix grpelem\"><div id=\"u23226-15\" class=\"SR1 clearfix colelem mt-scroll-slide-bottom mt-scroll-show\"><p id=\"u23291-2\">Clip costal 3D de 6 segmentos<\/p><\/div><\/div><\/div><\/div>\t\t\t\t\t\t\t\t<\/div>\n\t\t\t\t<\/div>\n\t\t\t\t<\/div>\n\t\t<div class=\"elementor-element elementor-element-54dff9e e-con-full e-flex e-con e-child\" data-id=\"54dff9e\" data-element_type=\"container\" data-e-type=\"container\">\n\t\t\t\t<div class=\"elementor-element elementor-element-9f53ddb elementor-widget elementor-widget-image\" data-id=\"9f53ddb\" data-element_type=\"widget\" data-e-type=\"widget\" data-widget_type=\"image.default\">\n\t\t\t\t<div class=\"elementor-widget-container\">\n\t\t\t\t\t\t\t\t\t\t\t\t\t\t\t<img loading=\"lazy\" decoding=\"async\" width=\"3300\" height=\"2550\" src=\"https:\/\/frmedical.com.mx\/wp-content\/uploads\/2024\/07\/014-01009_3D.png\" class=\"attachment-full size-full wp-image-1716\" alt=\"\" srcset=\"https:\/\/frmedical.com.mx\/wp-content\/uploads\/2024\/07\/014-01009_3D.png 3300w, https:\/\/frmedical.com.mx\/wp-content\/uploads\/2024\/07\/014-01009_3D-300x232.png 300w, https:\/\/frmedical.com.mx\/wp-content\/uploads\/2024\/07\/014-01009_3D-1024x791.png 1024w, https:\/\/frmedical.com.mx\/wp-content\/uploads\/2024\/07\/014-01009_3D-768x593.png 768w, https:\/\/frmedical.com.mx\/wp-content\/uploads\/2024\/07\/014-01009_3D-1536x1187.png 1536w, https:\/\/frmedical.com.mx\/wp-content\/uploads\/2024\/07\/014-01009_3D-2048x1583.png 2048w\" sizes=\"(max-width: 3300px) 100vw, 3300px\" \/>\t\t\t\t\t\t\t\t\t\t\t\t\t\t\t<\/div>\n\t\t\t\t<\/div>\n\t\t\t\t<div class=\"elementor-element elementor-element-4ea278f elementor-widget elementor-widget-text-editor\" data-id=\"4ea278f\" data-element_type=\"widget\" data-e-type=\"widget\" data-widget_type=\"text-editor.default\">\n\t\t\t\t<div class=\"elementor-widget-container\">\n\t\t\t\t\t\t\t\t\t<div id=\"ppu26984\" class=\"clearfix grpelem\"><div id=\"ppu23225-4\" class=\"clearfix colelem\"><div id=\"pu23225-4\" class=\"clearfix grpelem\"><div id=\"u23226-15\" class=\"SR1 clearfix colelem mt-scroll-slide-bottom mt-scroll-show\"><p id=\"u23291-2\">Clip costal 3D de 9 segmentos<\/p><\/div><\/div><\/div><\/div>\t\t\t\t\t\t\t\t<\/div>\n\t\t\t\t<\/div>\n\t\t\t\t<\/div>\n\t\t<div class=\"elementor-element elementor-element-3153420 e-con-full e-flex e-con e-child\" data-id=\"3153420\" data-element_type=\"container\" data-e-type=\"container\">\n\t\t\t\t<div class=\"elementor-element elementor-element-4c2e940 elementor-widget elementor-widget-image\" data-id=\"4c2e940\" data-element_type=\"widget\" data-e-type=\"widget\" data-widget_type=\"image.default\">\n\t\t\t\t<div class=\"elementor-widget-container\">\n\t\t\t\t\t\t\t\t\t\t\t\t\t\t\t<img loading=\"lazy\" decoding=\"async\" width=\"3300\" height=\"2550\" src=\"https:\/\/frmedical.com.mx\/wp-content\/uploads\/2024\/07\/014-02013_3D.png\" class=\"attachment-full size-full wp-image-1730\" alt=\"\" srcset=\"https:\/\/frmedical.com.mx\/wp-content\/uploads\/2024\/07\/014-02013_3D.png 3300w, https:\/\/frmedical.com.mx\/wp-content\/uploads\/2024\/07\/014-02013_3D-300x232.png 300w, https:\/\/frmedical.com.mx\/wp-content\/uploads\/2024\/07\/014-02013_3D-1024x791.png 1024w, https:\/\/frmedical.com.mx\/wp-content\/uploads\/2024\/07\/014-02013_3D-768x593.png 768w, https:\/\/frmedical.com.mx\/wp-content\/uploads\/2024\/07\/014-02013_3D-1536x1187.png 1536w, https:\/\/frmedical.com.mx\/wp-content\/uploads\/2024\/07\/014-02013_3D-2048x1583.png 2048w\" sizes=\"(max-width: 3300px) 100vw, 3300px\" \/>\t\t\t\t\t\t\t\t\t\t\t\t\t\t\t<\/div>\n\t\t\t\t<\/div>\n\t\t\t\t<div class=\"elementor-element elementor-element-ff5cc30 elementor-widget elementor-widget-text-editor\" data-id=\"ff5cc30\" data-element_type=\"widget\" data-e-type=\"widget\" data-widget_type=\"text-editor.default\">\n\t\t\t\t<div class=\"elementor-widget-container\">\n\t\t\t\t\t\t\t\t\t<div id=\"ppu26984\" class=\"clearfix grpelem\"><div id=\"ppu23225-4\" class=\"clearfix colelem\"><div id=\"pu23225-4\" class=\"clearfix grpelem\"><div id=\"u23226-15\" class=\"SR1 clearfix colelem mt-scroll-slide-bottom mt-scroll-show\"><p id=\"u23291-2\">Clip costal 3D de 13 segmentos<\/p><\/div><\/div><\/div><\/div>\t\t\t\t\t\t\t\t<\/div>\n\t\t\t\t<\/div>\n\t\t\t\t<\/div>\n\t\t\t\t\t<\/div>\n\t\t\t\t<\/div>\n\t\t\t\t\t<\/div>\n\t\t<\/div>\n\t\t\t\t\t<\/div>\n\t\t<\/section>\n\t\t\t\t<section class=\"elementor-section elementor-top-section elementor-element elementor-element-bf99c7a elementor-section-boxed elementor-section-height-default elementor-section-height-default\" data-id=\"bf99c7a\" data-element_type=\"section\" data-e-type=\"section\" data-settings=\"{&quot;background_background&quot;:&quot;classic&quot;}\">\n\t\t\t\t\t\t<div class=\"elementor-container elementor-column-gap-default\">\n\t\t\t\t\t<div class=\"elementor-column elementor-col-50 elementor-top-column elementor-element elementor-element-f312ffc elementor-invisible\" data-id=\"f312ffc\" data-element_type=\"column\" data-e-type=\"column\" data-settings=\"{&quot;animation&quot;:&quot;fadeInRight&quot;}\">\n\t\t\t<div class=\"elementor-widget-wrap elementor-element-populated\">\n\t\t\t\t\t\t<div class=\"elementor-element elementor-element-a4f9277 elementor-widget elementor-widget-image\" data-id=\"a4f9277\" data-element_type=\"widget\" data-e-type=\"widget\" data-widget_type=\"image.default\">\n\t\t\t\t<div class=\"elementor-widget-container\">\n\t\t\t\t\t\t\t\t\t\t\t\t\t\t\t<img loading=\"lazy\" decoding=\"async\" width=\"738\" height=\"499\" src=\"https:\/\/frmedical.com.mx\/wp-content\/uploads\/2024\/04\/58.jpg\" class=\"attachment-full size-full wp-image-824\" alt=\"\" srcset=\"https:\/\/frmedical.com.mx\/wp-content\/uploads\/2024\/04\/58.jpg 738w, https:\/\/frmedical.com.mx\/wp-content\/uploads\/2024\/04\/58-300x203.jpg 300w\" sizes=\"(max-width: 738px) 100vw, 738px\" \/>\t\t\t\t\t\t\t\t\t\t\t\t\t\t\t<\/div>\n\t\t\t\t<\/div>\n\t\t\t\t\t<\/div>\n\t\t<\/div>\n\t\t\t\t<div class=\"elementor-column elementor-col-50 elementor-top-column elementor-element elementor-element-5efcbf5 elementor-invisible\" data-id=\"5efcbf5\" data-element_type=\"column\" data-e-type=\"column\" data-settings=\"{&quot;animation&quot;:&quot;fadeInRight&quot;}\">\n\t\t\t<div class=\"elementor-widget-wrap elementor-element-populated\">\n\t\t\t\t\t\t<div class=\"elementor-element elementor-element-fecd8c3 elementor-widget elementor-widget-heading\" data-id=\"fecd8c3\" data-element_type=\"widget\" data-e-type=\"widget\" data-widget_type=\"heading.default\">\n\t\t\t\t<div class=\"elementor-widget-container\">\n\t\t\t\t\t<h2 class=\"elementor-heading-title elementor-size-default\">VENTAJAS<\/h2>\t\t\t\t<\/div>\n\t\t\t\t<\/div>\n\t\t\t\t<div class=\"elementor-element elementor-element-eb809a9 elementor-widget elementor-widget-text-editor\" data-id=\"eb809a9\" data-element_type=\"widget\" data-e-type=\"widget\" data-widget_type=\"text-editor.default\">\n\t\t\t\t<div class=\"elementor-widget-container\">\n\t\t\t\t\t\t\t\t\t<div id=\"ppu26984\" class=\"clearfix grpelem\"><div id=\"ppu23225-4\" class=\"clearfix colelem\"><div id=\"pu23225-4\" class=\"clearfix grpelem\"><div id=\"u23226-15\" class=\"SR1 clearfix colelem mt-scroll-slide-bottom mt-scroll-show\"><ul id=\"u23226-13\" class=\"list0 nls-None\"><li>Los clips costales 3D de titanio est\u00e1n compuestos de un solo componente, por lo que no se requiere realizar una compleja configuraci\u00f3n intraoperatoria<\/li><li>Moldeabilidad tridimensional, giro axial y\/o doblado horizontal para adaptarlos exactamente a la situaci\u00f3n anat\u00f3mica<\/li><li>Osteos\u00edntesis estable y flexible de las costillas y del estern\u00f3n, sin fijaci\u00f3n r\u00edgida<\/li><li>Cuidados intensivos m\u00e1s breves, como p. ej. respiraci\u00f3n artificial<\/li><li>Estancia hospitalaria m\u00e1s corta<\/li><li>Menor tasa de complicaciones<\/li><li>Control r\u00e1pido y alivio del dolor<\/li><li>Resultados \u00f3ptimos a largo plazo<\/li><\/ul><\/div><\/div><\/div><div id=\"u27050-bw\" class=\"browser_width colelem\"><div id=\"u27050\"><div id=\"u27050_align_to_page\" class=\"clearfix\"><div id=\"pu27057\" class=\"clearfix grpelem\">\u00a0<\/div><\/div><\/div><\/div><\/div>\t\t\t\t\t\t\t\t<\/div>\n\t\t\t\t<\/div>\n\t\t\t\t<div class=\"elementor-element elementor-element-e630175 elementor-widget elementor-widget-text-editor\" data-id=\"e630175\" data-element_type=\"widget\" data-e-type=\"widget\" data-widget_type=\"text-editor.default\">\n\t\t\t\t<div class=\"elementor-widget-container\">\n\t\t\t\t\t\t\t\t\t<div id=\"ppu26984\" class=\"clearfix grpelem\"><div id=\"ppu23225-4\" class=\"clearfix colelem\"><div id=\"pu23225-4\" class=\"clearfix grpelem\"><div id=\"u23226-15\" class=\"SR1 clearfix colelem mt-scroll-slide-bottom mt-scroll-show\"><div id=\"ppu26851\" class=\"clearfix grpelem\"><div id=\"pu23180\" class=\"clearfix colelem\"><div id=\"pu23178-4\" class=\"clearfix grpelem\"><div id=\"u26941-4\" class=\"SR3 clearfix colelem mt-scroll-slide-bottom mt-scroll-show\"><p><strong>*Producto registrado ante COFEPRIS y avalado con certificaciones de calidad a nivel mundial.<\/strong><\/p><\/div><\/div><\/div><div id=\"u26955-bw\" class=\"browser_width colelem\"><div id=\"u26955\"><div id=\"u26955_align_to_page\" class=\"clearfix\">\u00a0<\/div><\/div><\/div><\/div><\/div><\/div><\/div><\/div>\t\t\t\t\t\t\t\t<\/div>\n\t\t\t\t<\/div>\n\t\t\t\t\t<\/div>\n\t\t<\/div>\n\t\t\t\t\t<\/div>\n\t\t<\/section>\n\t\t\t\t<\/div>\n\t\t","protected":false},"excerpt":{"rendered":"<p>SISTEMA STRACOS\u2122 Dise\u00f1o exclusivo para la pared tor\u00e1cica, indicado para casos de trama tor\u00e1cico, reconstrucci\u00f3n o deformidades de la caja tor\u00e1cica. Desarrollado en Alemania cumpliendo los est\u00e1ndares de calidad m\u00e1s exigentes, fabricados en titanio puro de grado 2, altamente biocompatible con el cuerpo humano. La designaci\u00f3n del material es 3.7035 \/ ASTM B 265 gr&#8230;.<\/p>\n","protected":false},"author":1,"featured_media":0,"parent":0,"menu_order":0,"comment_status":"closed","ping_status":"closed","template":"","meta":{"_monsterinsights_skip_tracking":false,"_monsterinsights_sitenote_active":false,"_monsterinsights_sitenote_note":"","_monsterinsights_sitenote_category":0,"_joinchat":[],"footnotes":""},"class_list":["post-28","page","type-page","status-publish","hentry"],"_links":{"self":[{"href":"https:\/\/frmedical.com.mx\/index.php?rest_route=\/wp\/v2\/pages\/28","targetHints":{"allow":["GET"]}}],"collection":[{"href":"https:\/\/frmedical.com.mx\/index.php?rest_route=\/wp\/v2\/pages"}],"about":[{"href":"https:\/\/frmedical.com.mx\/index.php?rest_route=\/wp\/v2\/types\/page"}],"author":[{"embeddable":true,"href":"https:\/\/frmedical.com.mx\/index.php?rest_route=\/wp\/v2\/users\/1"}],"replies":[{"embeddable":true,"href":"https:\/\/frmedical.com.mx\/index.php?rest_route=%2Fwp%2Fv2%2Fcomments&post=28"}],"version-history":[{"count":13,"href":"https:\/\/frmedical.com.mx\/index.php?rest_route=\/wp\/v2\/pages\/28\/revisions"}],"predecessor-version":[{"id":3292,"href":"https:\/\/frmedical.com.mx\/index.php?rest_route=\/wp\/v2\/pages\/28\/revisions\/3292"}],"wp:attachment":[{"href":"https:\/\/frmedical.com.mx\/index.php?rest_route=%2Fwp%2Fv2%2Fmedia&parent=28"}],"curies":[{"name":"wp","href":"https:\/\/api.w.org\/{rel}","templated":true}]}}