{"id":235,"date":"2024-04-18T19:59:58","date_gmt":"2024-04-18T19:59:58","guid":{"rendered":"https:\/\/frmedical.com.mx\/?page_id=235"},"modified":"2025-02-04T16:33:00","modified_gmt":"2025-02-04T16:33:00","slug":"cirugia-de-traquea","status":"publish","type":"page","link":"https:\/\/frmedical.com.mx\/?page_id=235","title":{"rendered":"CIRUG\u00cdA DE TR\u00c1QUEA"},"content":{"rendered":"\t\t<div data-elementor-type=\"wp-page\" data-elementor-id=\"235\" class=\"elementor elementor-235\" data-elementor-post-type=\"page\">\n\t\t\t\t\t\t<section class=\"elementor-section elementor-top-section elementor-element elementor-element-94b2b00 elementor-section-boxed elementor-section-height-default elementor-section-height-default\" data-id=\"94b2b00\" data-element_type=\"section\" data-e-type=\"section\" data-settings=\"{&quot;background_background&quot;:&quot;classic&quot;}\">\n\t\t\t\t\t\t\t<div class=\"elementor-background-overlay\"><\/div>\n\t\t\t\t\t\t\t<div class=\"elementor-container elementor-column-gap-no\">\n\t\t\t\t\t<div class=\"elementor-column elementor-col-100 elementor-top-column elementor-element elementor-element-cd533bd\" data-id=\"cd533bd\" data-element_type=\"column\" data-e-type=\"column\" data-settings=\"{&quot;background_background&quot;:&quot;classic&quot;}\">\n\t\t\t<div class=\"elementor-widget-wrap elementor-element-populated\">\n\t\t\t\t\t\t<div class=\"elementor-element elementor-element-efd5f56 elementor-widget elementor-widget-heading\" data-id=\"efd5f56\" data-element_type=\"widget\" data-e-type=\"widget\" data-widget_type=\"heading.default\">\n\t\t\t\t<div class=\"elementor-widget-container\">\n\t\t\t\t\t<h2 class=\"elementor-heading-title elementor-size-default\">CIRUG\u00cdA DE TR\u00c1QUEA<\/h2>\t\t\t\t<\/div>\n\t\t\t\t<\/div>\n\t\t\t\t\t<\/div>\n\t\t<\/div>\n\t\t\t\t\t<\/div>\n\t\t<\/section>\n\t\t\t\t<section class=\"elementor-section elementor-top-section elementor-element elementor-element-d131575 elementor-section-boxed elementor-section-height-default elementor-section-height-default\" data-id=\"d131575\" data-element_type=\"section\" data-e-type=\"section\" data-settings=\"{&quot;background_background&quot;:&quot;classic&quot;}\">\n\t\t\t\t\t\t<div class=\"elementor-container elementor-column-gap-default\">\n\t\t\t\t\t<div class=\"elementor-column elementor-col-50 elementor-top-column elementor-element elementor-element-f26c036 elementor-invisible\" data-id=\"f26c036\" data-element_type=\"column\" data-e-type=\"column\" data-settings=\"{&quot;animation&quot;:&quot;fadeInRight&quot;}\">\n\t\t\t<div class=\"elementor-widget-wrap elementor-element-populated\">\n\t\t\t\t\t\t<div class=\"elementor-element elementor-element-5a8246f elementor-widget elementor-widget-heading\" data-id=\"5a8246f\" data-element_type=\"widget\" data-e-type=\"widget\" data-widget_type=\"heading.default\">\n\t\t\t\t<div class=\"elementor-widget-container\">\n\t\t\t\t\t<h2 class=\"elementor-heading-title elementor-size-default\">CIRUG\u00cdA DE TR\u00c1QUEA<\/h2>\t\t\t\t<\/div>\n\t\t\t\t<\/div>\n\t\t\t\t<div class=\"elementor-element elementor-element-fc2d2ca elementor-widget elementor-widget-text-editor\" data-id=\"fc2d2ca\" data-element_type=\"widget\" data-e-type=\"widget\" data-widget_type=\"text-editor.default\">\n\t\t\t\t<div class=\"elementor-widget-container\">\n\t\t\t\t\t\t\t\t\t<p id=\"u50309-2\">La tr\u00e1quea forma parte del aparato respiratorio, es un tubo que conecta la nariz y la boca con los bronquios y los pulmones.<\/p><p id=\"u50309-5\">Su funci\u00f3n es la de ser un conducto por el cual se transporta el aire que se inspira y que entra ya sea por la nariz o la boca, pasa a la laringe, de aqu\u00ed pasa a trav\u00e9s de la tr\u00e1quea para llegar a los bronquios y pulmones.<\/p>\t\t\t\t\t\t\t\t<\/div>\n\t\t\t\t<\/div>\n\t\t\t\t<div class=\"elementor-element elementor-element-6479a4e elementor-widget elementor-widget-heading\" data-id=\"6479a4e\" data-element_type=\"widget\" data-e-type=\"widget\" data-widget_type=\"heading.default\">\n\t\t\t\t<div class=\"elementor-widget-container\">\n\t\t\t\t\t<h2 class=\"elementor-heading-title elementor-size-default\">\u00bfQu\u00e9 es la Estenosis?<\/h2>\t\t\t\t<\/div>\n\t\t\t\t<\/div>\n\t\t\t\t<div class=\"elementor-element elementor-element-f3c5ac4 elementor-widget elementor-widget-text-editor\" data-id=\"f3c5ac4\" data-element_type=\"widget\" data-e-type=\"widget\" data-widget_type=\"text-editor.default\">\n\t\t\t\t<div class=\"elementor-widget-container\">\n\t\t\t\t\t\t\t\t\t<p id=\"u50309-10\">La disminuci\u00f3n del di\u00e1metro es conocida como ESTENOSIS. La estenosis puede ser causada por factores fuera de la tr\u00e1quea y\/o dentro de la tr\u00e1quea.<\/p><p id=\"u50309-13\">Para tratar la estenosis se ocupan stents, los stents son dispositivos que se implantan en la tr\u00e1quea o bronquios principales con la finalidad de mantener la permeabilidad de la v\u00eda a\u00e9rea. Se distinguen 2 grupos principales de acuerdo con su constituci\u00f3n: Met\u00e1licos y de Silicona. Cada grupo tiene propiedades e indicaciones particulares que deben considerarse siempre en cada paciente antes de decidir si se coloca un stent, sin embargo, los stent de silicona pueden ser m\u00e1s seguros que los stent met\u00e1licos.<\/p>\t\t\t\t\t\t\t\t<\/div>\n\t\t\t\t<\/div>\n\t\t\t\t\t<\/div>\n\t\t<\/div>\n\t\t\t\t<div class=\"elementor-column elementor-col-50 elementor-top-column elementor-element elementor-element-a54b2e0 elementor-invisible\" data-id=\"a54b2e0\" data-element_type=\"column\" data-e-type=\"column\" data-settings=\"{&quot;animation&quot;:&quot;fadeInRight&quot;}\">\n\t\t\t<div class=\"elementor-widget-wrap elementor-element-populated\">\n\t\t\t\t\t\t<div class=\"elementor-element elementor-element-10786c9 elementor-widget elementor-widget-image\" data-id=\"10786c9\" data-element_type=\"widget\" data-e-type=\"widget\" data-widget_type=\"image.default\">\n\t\t\t\t<div class=\"elementor-widget-container\">\n\t\t\t\t\t\t\t\t\t\t\t\t\t\t\t<img fetchpriority=\"high\" decoding=\"async\" width=\"1792\" height=\"1024\" src=\"https:\/\/frmedical.com.mx\/wp-content\/uploads\/2024\/07\/DALL\u00b7E-2024-07-04-12.56.07-Realistic-image-of-a-trachea-surgery-in-progress-shown-in-a-16_9-aspect-ratio.-The-scene-should-be-detailed-with-surgeons-in-sterile-gowns-and-masks.webp\" class=\"attachment-full size-full wp-image-1751\" alt=\"\" srcset=\"https:\/\/frmedical.com.mx\/wp-content\/uploads\/2024\/07\/DALL\u00b7E-2024-07-04-12.56.07-Realistic-image-of-a-trachea-surgery-in-progress-shown-in-a-16_9-aspect-ratio.-The-scene-should-be-detailed-with-surgeons-in-sterile-gowns-and-masks.webp 1792w, https:\/\/frmedical.com.mx\/wp-content\/uploads\/2024\/07\/DALL\u00b7E-2024-07-04-12.56.07-Realistic-image-of-a-trachea-surgery-in-progress-shown-in-a-16_9-aspect-ratio.-The-scene-should-be-detailed-with-surgeons-in-sterile-gowns-and-masks-300x171.webp 300w, https:\/\/frmedical.com.mx\/wp-content\/uploads\/2024\/07\/DALL\u00b7E-2024-07-04-12.56.07-Realistic-image-of-a-trachea-surgery-in-progress-shown-in-a-16_9-aspect-ratio.-The-scene-should-be-detailed-with-surgeons-in-sterile-gowns-and-masks-1024x585.webp 1024w, https:\/\/frmedical.com.mx\/wp-content\/uploads\/2024\/07\/DALL\u00b7E-2024-07-04-12.56.07-Realistic-image-of-a-trachea-surgery-in-progress-shown-in-a-16_9-aspect-ratio.-The-scene-should-be-detailed-with-surgeons-in-sterile-gowns-and-masks-768x439.webp 768w, https:\/\/frmedical.com.mx\/wp-content\/uploads\/2024\/07\/DALL\u00b7E-2024-07-04-12.56.07-Realistic-image-of-a-trachea-surgery-in-progress-shown-in-a-16_9-aspect-ratio.-The-scene-should-be-detailed-with-surgeons-in-sterile-gowns-and-masks-1536x878.webp 1536w\" sizes=\"(max-width: 1792px) 100vw, 1792px\" \/>\t\t\t\t\t\t\t\t\t\t\t\t\t\t\t<\/div>\n\t\t\t\t<\/div>\n\t\t\t\t<div class=\"elementor-element elementor-element-6db9728 elementor-widget elementor-widget-image\" data-id=\"6db9728\" data-element_type=\"widget\" data-e-type=\"widget\" data-widget_type=\"image.default\">\n\t\t\t\t<div class=\"elementor-widget-container\">\n\t\t\t\t\t\t\t\t\t\t\t\t\t\t\t<img decoding=\"async\" width=\"1024\" height=\"1024\" src=\"https:\/\/frmedical.com.mx\/wp-content\/uploads\/2024\/07\/DALL\u00b7E-2024-07-24-17.52.59-A-close-up-view-of-a-patient-with-a-tracheostomy-tube-inserted-in-their-neck.-The-patients-skin-appears-aged-with-visible-wrinkles-and-they-are-wear.webp\" class=\"attachment-full size-full wp-image-2106\" alt=\"\" srcset=\"https:\/\/frmedical.com.mx\/wp-content\/uploads\/2024\/07\/DALL\u00b7E-2024-07-24-17.52.59-A-close-up-view-of-a-patient-with-a-tracheostomy-tube-inserted-in-their-neck.-The-patients-skin-appears-aged-with-visible-wrinkles-and-they-are-wear.webp 1024w, https:\/\/frmedical.com.mx\/wp-content\/uploads\/2024\/07\/DALL\u00b7E-2024-07-24-17.52.59-A-close-up-view-of-a-patient-with-a-tracheostomy-tube-inserted-in-their-neck.-The-patients-skin-appears-aged-with-visible-wrinkles-and-they-are-wear-300x300.webp 300w, https:\/\/frmedical.com.mx\/wp-content\/uploads\/2024\/07\/DALL\u00b7E-2024-07-24-17.52.59-A-close-up-view-of-a-patient-with-a-tracheostomy-tube-inserted-in-their-neck.-The-patients-skin-appears-aged-with-visible-wrinkles-and-they-are-wear-150x150.webp 150w, https:\/\/frmedical.com.mx\/wp-content\/uploads\/2024\/07\/DALL\u00b7E-2024-07-24-17.52.59-A-close-up-view-of-a-patient-with-a-tracheostomy-tube-inserted-in-their-neck.-The-patients-skin-appears-aged-with-visible-wrinkles-and-they-are-wear-768x768.webp 768w\" sizes=\"(max-width: 1024px) 100vw, 1024px\" \/>\t\t\t\t\t\t\t\t\t\t\t\t\t\t\t<\/div>\n\t\t\t\t<\/div>\n\t\t\t\t\t<\/div>\n\t\t<\/div>\n\t\t\t\t\t<\/div>\n\t\t<\/section>\n\t\t\t\t<section class=\"elementor-section elementor-top-section elementor-element elementor-element-50a68e2 elementor-section-boxed elementor-section-height-default elementor-section-height-default\" data-id=\"50a68e2\" data-element_type=\"section\" data-e-type=\"section\" data-settings=\"{&quot;background_background&quot;:&quot;classic&quot;}\">\n\t\t\t\t\t\t<div class=\"elementor-container elementor-column-gap-default\">\n\t\t\t\t\t<div class=\"elementor-column elementor-col-50 elementor-top-column elementor-element elementor-element-efdc474 elementor-invisible\" data-id=\"efdc474\" data-element_type=\"column\" data-e-type=\"column\" data-settings=\"{&quot;animation&quot;:&quot;fadeInRight&quot;}\">\n\t\t\t<div class=\"elementor-widget-wrap elementor-element-populated\">\n\t\t\t\t\t\t<div class=\"elementor-element elementor-element-04fa697 elementor-widget elementor-widget-heading\" data-id=\"04fa697\" data-element_type=\"widget\" data-e-type=\"widget\" data-widget_type=\"heading.default\">\n\t\t\t\t<div class=\"elementor-widget-container\">\n\t\t\t\t\t<h2 class=\"elementor-heading-title elementor-size-default\">CORRECCI\u00d3N CON STENTS NOVATECH\u2122<\/h2>\t\t\t\t<\/div>\n\t\t\t\t<\/div>\n\t\t\t\t<div class=\"elementor-element elementor-element-85b89ad elementor-widget elementor-widget-text-editor\" data-id=\"85b89ad\" data-element_type=\"widget\" data-e-type=\"widget\" data-widget_type=\"text-editor.default\">\n\t\t\t\t<div class=\"elementor-widget-container\">\n\t\t\t\t\t\t\t\t\t<div id=\"ppu32790\" class=\"clearfix grpelem\"><div id=\"ppu49931-4\" class=\"clearfix colelem\"><div id=\"pu49931-4\" class=\"clearfix grpelem\"><div id=\"u49932-10\" class=\"SR3 clearfix colelem mt-scroll-slide-bottom mt-scroll-show\"><p>FR Medical es el distribuidor autorizado en M\u00e9xico de los stents traqueobronquiales de silicona Novatech\u2122\u00ae GSS\u2122 y DUMON\u00ae. Los stents est\u00e1n disponibles en diferentes formas y medidas seg\u00fan lo que el medico requiera.<\/p><p>Est\u00e1n indicados para el tratamiento de:<\/p><ul id=\"u50356-15\" class=\"list0 nls-None\"><li>Tumores traqueobronquiales<\/li><li>Estenosis traqueales cicatriciales<\/li><li>Estenosis despu\u00e9s cirug\u00eda de tr\u00e1quea.<\/li><li>Fistulas<\/li><li>Malacia<\/li><\/ul><p>Los stents son transparentes, lo que permite que el medico pueda valorar el progreso de la enfermedad sin necesidad de quitar el stent. Cuentan con protuberancias de oro y sulfato de bario que lo anclan a los tejidos disminuyendo el riesgo de que se mueva y adem\u00e1s es radiopaco lo que permite el control de la posici\u00f3n del stent con una radiograf\u00eda de torax que es r\u00e1pida y no invasiva.<\/p><p>Su superficie es lisa no adherente lo que facilita el retiro del stent cuando el medico lo indique. Cuenta con extremos biselados que evitan la acumulaci\u00f3n de secreciones disminuyendo el riesgo de infecciones respiratorias.<\/p><\/div><\/div><\/div><div id=\"u49935-bw\" class=\"browser_width colelem\"><div id=\"u49935\"><div id=\"u49935_align_to_page\" class=\"clearfix\"><div id=\"pu49942\" class=\"clearfix grpelem\">\u00a0<\/div><\/div><\/div><\/div><\/div>\t\t\t\t\t\t\t\t<\/div>\n\t\t\t\t<\/div>\n\t\t\t\t<div class=\"elementor-element elementor-element-8b00d41 elementor-align-center elementor-widget elementor-widget-button\" data-id=\"8b00d41\" data-element_type=\"widget\" data-e-type=\"widget\" data-widget_type=\"button.default\">\n\t\t\t\t<div class=\"elementor-widget-container\">\n\t\t\t\t\t\t\t\t\t<div class=\"elementor-button-wrapper\">\n\t\t\t\t\t<a class=\"elementor-button elementor-button-link elementor-size-sm\" href=\"https:\/\/frmedical.com.mx\/?page_id=69\">\n\t\t\t\t\t\t<span class=\"elementor-button-content-wrapper\">\n\t\t\t\t\t\t<span class=\"elementor-button-icon\">\n\t\t\t\t<svg aria-hidden=\"true\" class=\"e-font-icon-svg e-fas-caret-right\" viewBox=\"0 0 192 512\" xmlns=\"http:\/\/www.w3.org\/2000\/svg\"><path d=\"M0 384.662V127.338c0-17.818 21.543-26.741 34.142-14.142l128.662 128.662c7.81 7.81 7.81 20.474 0 28.284L34.142 398.804C21.543 411.404 0 402.48 0 384.662z\"><\/path><\/svg>\t\t\t<\/span>\n\t\t\t\t\t\t\t\t\t<span class=\"elementor-button-text\">M\u00e1s informaci\u00f3n<\/span>\n\t\t\t\t\t<\/span>\n\t\t\t\t\t<\/a>\n\t\t\t\t<\/div>\n\t\t\t\t\t\t\t\t<\/div>\n\t\t\t\t<\/div>\n\t\t\t\t\t<\/div>\n\t\t<\/div>\n\t\t\t\t<div class=\"elementor-column elementor-col-50 elementor-top-column elementor-element elementor-element-5dd7d8a elementor-invisible\" data-id=\"5dd7d8a\" data-element_type=\"column\" data-e-type=\"column\" data-settings=\"{&quot;animation&quot;:&quot;fadeInRight&quot;}\">\n\t\t\t<div class=\"elementor-widget-wrap elementor-element-populated\">\n\t\t\t\t\t\t<div class=\"elementor-element elementor-element-c162ac3 elementor-widget elementor-widget-image\" data-id=\"c162ac3\" data-element_type=\"widget\" data-e-type=\"widget\" data-widget_type=\"image.default\">\n\t\t\t\t<div class=\"elementor-widget-container\">\n\t\t\t\t\t\t\t\t\t\t\t\t\t\t\t<img decoding=\"async\" width=\"1920\" height=\"1080\" src=\"https:\/\/frmedical.com.mx\/wp-content\/uploads\/2024\/07\/DUMON-Video_Screenshot.png\" class=\"attachment-full size-full wp-image-1737\" alt=\"\" srcset=\"https:\/\/frmedical.com.mx\/wp-content\/uploads\/2024\/07\/DUMON-Video_Screenshot.png 1920w, https:\/\/frmedical.com.mx\/wp-content\/uploads\/2024\/07\/DUMON-Video_Screenshot-300x169.png 300w, https:\/\/frmedical.com.mx\/wp-content\/uploads\/2024\/07\/DUMON-Video_Screenshot-1024x576.png 1024w, https:\/\/frmedical.com.mx\/wp-content\/uploads\/2024\/07\/DUMON-Video_Screenshot-768x432.png 768w, https:\/\/frmedical.com.mx\/wp-content\/uploads\/2024\/07\/DUMON-Video_Screenshot-1536x864.png 1536w\" sizes=\"(max-width: 1920px) 100vw, 1920px\" \/>\t\t\t\t\t\t\t\t\t\t\t\t\t\t\t<\/div>\n\t\t\t\t<\/div>\n\t\t\t\t\t<\/div>\n\t\t<\/div>\n\t\t\t\t\t<\/div>\n\t\t<\/section>\n\t\t\t\t<\/div>\n\t\t","protected":false},"excerpt":{"rendered":"<p>CIRUG\u00cdA DE TR\u00c1QUEA La tr\u00e1quea forma parte del aparato respiratorio, es un tubo que conecta la nariz y la boca con los bronquios y los pulmones. Su funci\u00f3n es la de ser un conducto por el cual se transporta el aire que se inspira y que entra ya sea por la nariz o la boca,&#8230;<\/p>\n","protected":false},"author":1,"featured_media":0,"parent":0,"menu_order":0,"comment_status":"closed","ping_status":"closed","template":"","meta":{"_monsterinsights_skip_tracking":false,"_monsterinsights_sitenote_active":false,"_monsterinsights_sitenote_note":"","_monsterinsights_sitenote_category":0,"_joinchat":[],"footnotes":""},"class_list":["post-235","page","type-page","status-publish","hentry"],"_links":{"self":[{"href":"https:\/\/frmedical.com.mx\/index.php?rest_route=\/wp\/v2\/pages\/235","targetHints":{"allow":["GET"]}}],"collection":[{"href":"https:\/\/frmedical.com.mx\/index.php?rest_route=\/wp\/v2\/pages"}],"about":[{"href":"https:\/\/frmedical.com.mx\/index.php?rest_route=\/wp\/v2\/types\/page"}],"author":[{"embeddable":true,"href":"https:\/\/frmedical.com.mx\/index.php?rest_route=\/wp\/v2\/users\/1"}],"replies":[{"embeddable":true,"href":"https:\/\/frmedical.com.mx\/index.php?rest_route=%2Fwp%2Fv2%2Fcomments&post=235"}],"version-history":[{"count":22,"href":"https:\/\/frmedical.com.mx\/index.php?rest_route=\/wp\/v2\/pages\/235\/revisions"}],"predecessor-version":[{"id":3286,"href":"https:\/\/frmedical.com.mx\/index.php?rest_route=\/wp\/v2\/pages\/235\/revisions\/3286"}],"wp:attachment":[{"href":"https:\/\/frmedical.com.mx\/index.php?rest_route=%2Fwp%2Fv2%2Fmedia&parent=235"}],"curies":[{"name":"wp","href":"https:\/\/api.w.org\/{rel}","templated":true}]}}